23
Calculate the remainder when 142 is divided by 61.
20
Calculate the remainder when 119 is divided by 33.
20
Calculate the remainder when 464 is divided by 129.
77
Calculate the remainder when 62 is divided by 44.
18
Calculate the remainder when 16534 is divided by 23.
20
What is the remainder when 105 is divided by 102?
3
Calculate the remainder when 254 is divided by 41.
8
What is the remainder when 1177 is divided by 62?
61
Calculate the remainder when 2456 is divided by 16.
8
Calculate the remainder when 242 is divided by 86.
70
Calculate the remainder when 118 is divided by 64.
54
Calculate the remainder when 414 is divided by 30.
24
Calculate the remainder when 1505 is divided by 228.
137
Calculate the remainder when 58 is divided by 10.
8
What is the remainder when 1033 is divided by 27?
7
What is the remainder when 139 is divided by 49?
41
Calculate the remainder when 183 is divided by 70.
43
Calculate the remainder when 77 is divided by 22.
11
What is the remainder when 187 is divided by 41?
23
Calculate the remainder when 372 is divided by 99.
75
Calculate the remainder when 175 is divided by 150.
25
What is the remainder when 563 is divided by 146?
125
Calculate the remainder when 3294 is divided by 103.
101
Calculate the remainder when 453 is divided by 35.
33
Calculate the remainder when 5640 is divided by 1880.
0
Calculate the remainder when 2375 is divided by 97.
47
Calculate the remainder when 32 is divided by 17.
15
What is the remainder when 142 is divided by 28?
2
What is the remainder when 1559 is divided by 518?
5
Calculate the remainder when 669 is divided by 12.
9
What is the remainder when 1193 is divided by 13?
10
What is the remainder when 28977 is divided by 14?
11
Calculate the remainder when 5698 is divided by 163.
156
What is the remainder when 20 is divided by 16?
4
What is the remainder when 4 is divided by 2?
0
What is the remainder when 3171 is divided by 138?
135
Calculate the remainder when 2381 is divided by 63.
50
Calculate the remainder when 2721 is divided by 47.
42
Calculate the remainder when 521 is divided by 93.
56
Calculate the remainder when 154 is divided by 3.
1
Calculate the remainder when 112 is divided by 25.
12
What is the remainder when 267 is divided by 60?
27
What is the remainder when 152 is divided by 3?
2
What is the remainder when 244 is divided by 46?
14
What is the remainder when 100 is divided by 18?
10
Calculate the remainder when 467 is divided by 147.
26
Calculate the remainder when 1063 is divided by 133.
132
Calculate the remainder when 267 is divided by 80.
27
Calculate the remainder when 126 is divided by 94.
32
What is the remainder when 71 is divided by 36?
35
What is the remainder when 1202 is divided by 105?
47
What is the remainder when 1535 is divided by 116?
27
What is the remainder when 137 is divided by 5?
2
What is the remainder when 223 is divided by 1?
0
Calculate the remainder when 10209 is divided by 45.
39
Calculate the remainder when 482 is divided by 22.
20
Calculate the remainder when 715 is divided by 11.
0
Calculate the remainder when 593 is divided by 22.
21
Calculate the remainder when 176 is divided by 43.
4
Calculate the remainder when 702 is divided by 8.
6
What is the remainder when 704 is divided by 176?
0
What is the remainder when 76 is divided by 15?
1
Calculate the remainder when 208 is divided by 108.
100
What is the remainder when 151 is divided by 22?
19
Calculate the remainder when 475 is divided by 96.
91
Calculate the remainder when 53 is divided by 11.
9
Calculate the remainder when 13 is divided by 11.
2
What is the remainder when 95 is divided by 8?
7
Calculate the remainder when 65 is divided by 35.
30
What is the remainder when 983 is divided by 388?
207
Calculate the remainder when 16676 is divided by 62.
60
What is the remainder when 18 is divided by 11?
7
Calculate the remainder when 426 is divided by 220.
206
What is the remainder when 1757 is divided by 8?
5
What is the remainder when 156 is divided by 15?
6
What is the remainder when 323 is divided by 13?
11
Calculate the remainder when 870 is divided by 44.
34
Calculate the remainder when 863 is divided by 55.
38
What is the remainder when 537 is divided by 27?
24
Calculate the remainder when 2075 is divided by 151.
112
Calculate the remainder when 48 is divided by 20.
8
Calculate the remainder when 95 is divided by 73.
22
Calculate the remainder when 637 is divided by 157.
9
What is the remainder when 5096 is divided by 27?
20
Calculate the remainder when 1727 is divided by 5.
2
Calculate the remainder when 3478 is divided by 388.
374
What is the remainder when 98 is divided by 20?
18
Calculate the remainder when 121 is divided by 29.
5
What is the remainder when 20 is divided by 7?
6
What is the remainder when 3543 is divided by 22?
1
Calculate the remainder when 9943 is divided by 11.
10
Calculate the remainder when 372 is divided by 95.
87
Calculate the remainder when 24812 is divided by 88.
84
What is the remainder when 282 is divided by 41?
36
Calculate the remainder when 687 is divided by 99.
93
What is the remainder when 7728 is divided by 19?
14
Calculate the remainder when 8912 is divided by 2227.
4
Calculate the remainder when 301 is divided by 127.
47
Calculate the remainder when 38 is divided by 34.
4
Calculate the remainder when 1131 is divided by 129.
99
What is the remainder when 441 is divided by 90?
81
What is the remainder when 1231 is divided by 113?
101
What is the remainder when 282 is divided by 22?
18
What is the remainder when 200 is divided by 170?
30
What is the remainder when 518 is divided by 174?
170
What is the remainder when 507 is divided by 233?
41
What is the remainder when 504 is divided by 46?
44
Calculate the remainder when 3065 is divided by 60.
5
Calculate the remainder when 68 is divided by 49.
19
What is the remainder when 2429 is divided by 54?
53
What is the remainder when 618 is divided by 62?
60
Calculate the remainder when 482 is divided by 80.
2
Calculate the remainder when 26 is divided by 17.
9
What is the remainder when 149 is divided by 50?
49
Calculate the remainder when 18726 is divided by 61.
60
What is the remainder when 318 is divided by 43?
17
What is the remainder when 113 is divided by 57?
56
What is the remainder when 24242 is divided by 27?
23
What is the remainder when 166 is divided by 24?
22
What is the remainder when 1081 is divided by 281?
238
What is the remainder when 248 is divided by 52?
40
Calculate the remainder when 12281 is divided by 173.
171
What is the remainder when 172 is divided by 38?
20
What is the remainder when 4516 is divided by 113?
109
What is the remainder when 843 is divided by 833?
10
What is the remainder when 24 is divided by 5?
4
What is the remainder when 358 is divided by 8?
6
What is the remainder when 3384 is divided by 154?
150
Calculate the remainder when 3917 is divided by 245.
242
Calculate the remainder when 680 is divided by 677.
3
Calculate the remainder when 77 is divided by 13.
12
Calculate the remainder when 1167 is divided by 65.
62
Calculate the remainder when 1328 is divided by 219.
14
Calculate the remainder when 74 is divided by 33.
8
What is the remainder when 57 is divided by 27?
3
Calculate the remainder when 2513 is divided by 34.
31
Calculate the remainder when 69 is divided by 17.
1
What is the remainder when 478 is divided by 80?
78
Calculate the remainder when 450 is divided by 77.
65
What is the remainder when 835 is divided by 29?
23
Calculate the remainder when 42 is divided by 23.
19
What is the remainder when 642 is divided by 29?
4
Calculate the remainder when 8201 is divided by 6.
5
Calculate the remainder when 648 is divided by 92.
4
What is the remainder when 170 is divided by 43?
41
What is the remainder when 607 is divided by 48?
31
What is the remainder when 94 is divided by 62?
32
What is the remainder when 662 is divided by 14?
4
What is the remainder when 4718 is divided by 80?
78
What is the remainder when 540 is divided by 17?
13
What is the remainder when 40 is divided by 8?
0
Calculate the remainder when 113 is divided by 19.
18
What is the remainder when 105 is divided by 32?
9
Calculate the remainder when 531 is divided by 178.
175